{"id":199,"date":"2023-02-08T22:06:25","date_gmt":"2023-02-08T22:06:25","guid":{"rendered":"https:\/\/unconservatoriode.com\/?page_id=199"},"modified":"2023-06-12T10:55:54","modified_gmt":"2023-06-12T10:55:54","slug":"nosotros","status":"publish","type":"page","link":"https:\/\/unconservatoriode.com\/?page_id=199","title":{"rendered":"Nosotros"},"content":{"rendered":"\n<figure class=\"wp-block-gallery has-nested-images columns-default is-cropped wp-block-gallery-1 is-layout-flex wp-block-gallery-is-layout-flex\">\n<figure class=\"wp-block-image size-full\"><img loading=\"lazy\" decoding=\"async\" width=\"340\" height=\"340\" data-id=\"434\" src=\"https:\/\/unconservatoriode.com\/wp-content\/uploads\/2023\/06\/20230612_124344.jpg\" alt=\"\" class=\"wp-image-434\" srcset=\"https:\/\/unconservatoriode.com\/wp-content\/uploads\/2023\/06\/20230612_124344.jpg 340w, https:\/\/unconservatoriode.com\/wp-content\/uploads\/2023\/06\/20230612_124344-300x300.jpg 300w, https:\/\/unconservatoriode.com\/wp-content\/uploads\/2023\/06\/20230612_124344-150x150.jpg 150w\" sizes=\"auto, (max-width: 340px) 100vw, 340px\" \/><figcaption class=\"wp-element-caption\"><strong>Diego Gonz\u00e1lez P\u00e9rez &#8211; p\u00e1gina web<\/strong><\/figcaption><\/figure>\n\n\n\n<figure class=\"wp-block-image size-large\"><img loading=\"lazy\" decoding=\"async\" width=\"320\" height=\"320\" data-id=\"429\" src=\"https:\/\/unconservatoriode.com\/wp-content\/uploads\/2023\/06\/IMG-20230224-WA0005.jpg\" alt=\"\" class=\"wp-image-429\" srcset=\"https:\/\/unconservatoriode.com\/wp-content\/uploads\/2023\/06\/IMG-20230224-WA0005.jpg 320w, https:\/\/unconservatoriode.com\/wp-content\/uploads\/2023\/06\/IMG-20230224-WA0005-300x300.jpg 300w, https:\/\/unconservatoriode.com\/wp-content\/uploads\/2023\/06\/IMG-20230224-WA0005-150x150.jpg 150w\" sizes=\"auto, (max-width: 320px) 100vw, 320px\" \/><figcaption class=\"wp-element-caption\"><strong>Gemma de Luis Noriega &#8211; direcci\u00f3n esc\u00e9nica<\/strong><\/figcaption><\/figure>\n\n\n\n<figure class=\"wp-block-image size-large\"><img loading=\"lazy\" decoding=\"async\" width=\"1024\" height=\"689\" data-id=\"433\" src=\"https:\/\/unconservatoriode.com\/wp-content\/uploads\/2023\/06\/IMG-20230225-WA0000-1024x689.jpg\" alt=\"\" class=\"wp-image-433\" srcset=\"https:\/\/unconservatoriode.com\/wp-content\/uploads\/2023\/06\/IMG-20230225-WA0000-1024x689.jpg 1024w, https:\/\/unconservatoriode.com\/wp-content\/uploads\/2023\/06\/IMG-20230225-WA0000-300x202.jpg 300w, https:\/\/unconservatoriode.com\/wp-content\/uploads\/2023\/06\/IMG-20230225-WA0000-768x516.jpg 768w, https:\/\/unconservatoriode.com\/wp-content\/uploads\/2023\/06\/IMG-20230225-WA0000-1536x1033.jpg 1536w, https:\/\/unconservatoriode.com\/wp-content\/uploads\/2023\/06\/IMG-20230225-WA0000.jpg 1600w\" sizes=\"auto, (max-width: 1024px) 100vw, 1024px\" \/><figcaption class=\"wp-element-caption\"><strong>Paulino Jard\u00f3n Gurruchaga &#8211; direcci\u00f3n musical<\/strong><\/figcaption><\/figure>\n\n\n\n<figure class=\"wp-block-image size-full\"><img loading=\"lazy\" decoding=\"async\" width=\"564\" height=\"649\" data-id=\"431\" src=\"https:\/\/unconservatoriode.com\/wp-content\/uploads\/2023\/06\/IMG-20230224-WA0004.jpg\" alt=\"\" class=\"wp-image-431\" srcset=\"https:\/\/unconservatoriode.com\/wp-content\/uploads\/2023\/06\/IMG-20230224-WA0004.jpg 564w, https:\/\/unconservatoriode.com\/wp-content\/uploads\/2023\/06\/IMG-20230224-WA0004-261x300.jpg 261w\" sizes=\"auto, (max-width: 564px) 100vw, 564px\" \/><figcaption class=\"wp-element-caption\"><strong>Bel\u00e9n Barrero Lavandera, Elisa Garc\u00eda Guti\u00e9rrez y Carmen Viejo Llaneza &#8211; creaci\u00f3n de materiales y documentaci\u00f3n<\/strong><\/figcaption><\/figure>\n\n\n\n<figure class=\"wp-block-image size-large\"><img loading=\"lazy\" decoding=\"async\" width=\"340\" height=\"462\" data-id=\"430\" src=\"https:\/\/unconservatoriode.com\/wp-content\/uploads\/2023\/06\/IMG-20230223-WA0015.jpg\" alt=\"\" class=\"wp-image-430\" srcset=\"https:\/\/unconservatoriode.com\/wp-content\/uploads\/2023\/06\/IMG-20230223-WA0015.jpg 340w, https:\/\/unconservatoriode.com\/wp-content\/uploads\/2023\/06\/IMG-20230223-WA0015-221x300.jpg 221w\" sizes=\"auto, (max-width: 340px) 100vw, 340px\" \/><figcaption class=\"wp-element-caption\"><strong>Julia Est\u00e9vez Salgueiro y Olaya Fern\u00e1ndez Herrero &#8211; audiovisuales<\/strong><\/figcaption><\/figure>\n<\/figure>\n\n\n\n<p class=\"wp-block-paragraph\"><\/p>\n\n\n\n<p class=\"wp-block-paragraph\">Solo hizo falta una conversaci\u00f3n para que aquellas profesoras que observaban impotentes el estado actual de la educaci\u00f3n musical en nuestro pa\u00eds, decidieran dar un paso al frente para convertir en realidad aquello que solamente era una ilusi\u00f3n.<\/p>\n\n\n\n<p class=\"wp-block-paragraph\">Por el camino se unieron otros compa\u00f1eros con id\u00e9nticos ideales, algunos desenga\u00f1os en forma de burocracia y el firme convencimiento de que el proyecto podr\u00eda ser una manera de hacer llegar el sentir de la m\u00fasica a todos, sin importar la procedencia, raza, religi\u00f3n o posici\u00f3n social. Porque la m\u00fasica es sentimiento, es vivencia, es desarrollo personal y social, es inclusi\u00f3n, es paz, es igualdad, es equidad, es convivencia, es bienestar.<\/p>\n\n\n\n<p class=\"wp-block-paragraph\">Y en este camino que seguimos transitando juntos empezamos a crear y dar forma a materiales con los que, a trav\u00e9s del juego, se trabajan de forma l\u00fadica y divertida los aspectos m\u00e1s importantes de la educaci\u00f3n musical. Pero, adem\u00e1s, se promueve el trabajo en equipo, la autonom\u00eda y la creatividad, la educaci\u00f3n en valores y emocional \u2014siguiendo el modelo DUA (dise\u00f1o universal de aprendizaje)\u2014 y todo ello en el marco de la innovaci\u00f3n digital y audiovisual.<\/p>\n\n\n\n<p class=\"wp-block-paragraph\">So\u00f1amos con una infancia feliz y preparada, buscamos los objetivos de desarrollo sostenible de la agenda 2030, y para lograrlo, en esta web os presentamos nuestro trabajo.<\/p>\n\n\n\n<p class=\"wp-block-paragraph\">Este proyecto est\u00e1 integrado por un conjunto de docentes del Conservatorio Superior de M\u00fasica de Oviedo \u201cEduardo Mart\u00ednez Torner\u201d y del Conservatorio Profesional de M\u00fasica de Oviedo \u201cAnselmo Gonz\u00e1lez del Valle\u201d, que trabajan en colaboraci\u00f3n con otros centros educativos para lograr objetivos interdisciplinares.<\/p>\n\n\n\n<div class=\"wp-block-columns is-layout-flex wp-container-core-columns-is-layout-8f761849 wp-block-columns-is-layout-flex\"><\/div>\n","protected":false},"excerpt":{"rendered":"<p>Solo hizo falta una conversaci\u00f3n para que aquellas profesoras que observaban impotentes el estado actual de la educaci\u00f3n musical en &hellip; <a href=\"https:\/\/unconservatoriode.com\/?page_id=199\" class=\"more-link\"><span class=\"more-button\">Seguir leyendo<span class=\"screen-reader-text\">Nosotros<\/span><\/span><\/a><\/p>\n","protected":false},"author":1,"featured_media":0,"parent":0,"menu_order":0,"comment_status":"closed","ping_status":"closed","template":"","meta":{"footnotes":"","_members_access_role":[],"_members_access_error":""},"class_list":["post-199","page","type-page","status-publish","hentry"],"_links":{"self":[{"href":"https:\/\/unconservatoriode.com\/index.php?rest_route=\/wp\/v2\/pages\/199","targetHints":{"allow":["GET"]}}],"collection":[{"href":"https:\/\/unconservatoriode.com\/index.php?rest_route=\/wp\/v2\/pages"}],"about":[{"href":"https:\/\/unconservatoriode.com\/index.php?rest_route=\/wp\/v2\/types\/page"}],"author":[{"embeddable":true,"href":"https:\/\/unconservatoriode.com\/index.php?rest_route=\/wp\/v2\/users\/1"}],"replies":[{"embeddable":true,"href":"https:\/\/unconservatoriode.com\/index.php?rest_route=%2Fwp%2Fv2%2Fcomments&post=199"}],"version-history":[{"count":23,"href":"https:\/\/unconservatoriode.com\/index.php?rest_route=\/wp\/v2\/pages\/199\/revisions"}],"predecessor-version":[{"id":440,"href":"https:\/\/unconservatoriode.com\/index.php?rest_route=\/wp\/v2\/pages\/199\/revisions\/440"}],"wp:attachment":[{"href":"https:\/\/unconservatoriode.com\/index.php?rest_route=%2Fwp%2Fv2%2Fmedia&parent=199"}],"curies":[{"name":"wp","href":"https:\/\/api.w.org\/{rel}","templated":true}]}}

<figure class="wp-block-gallery has-nested-images columns-default is-cropped wp-block-gallery-1 is-layout-flex wp-block-gallery-is-layout-flex">
<figure class="wp-block-image size-full"><img loading="lazy" decoding="async" width="340" height="340" data-id="434" src="https://unconservatoriode.com/wp-content/uploads/2023/06/20230612_124344.jpg" alt="" class="wp-image-434" srcset="https://unconservatoriode.com/wp-content/uploads/2023/06/20230612_124344.jpg 340w, https://unconservatoriode.com/wp-content/uploads/2023/06/20230612_124344-300x300.jpg 300w, https://unconservatoriode.com/wp-content/uploads/2023/06/20230612_124344-150x150.jpg 150w" sizes="auto, (max-width: 340px) 100vw, 340px" /><figcaption class="wp-element-caption"><strong>Diego González Pérez &#8211; página web</strong></figcaption></figure>



<figure class="wp-block-image size-large"><img loading="lazy" decoding="async" width="320" height="320" data-id="429" src="https://unconservatoriode.com/wp-content/uploads/2023/06/IMG-20230224-WA0005.jpg" alt="" class="wp-image-429" srcset="https://unconservatoriode.com/wp-content/uploads/2023/06/IMG-20230224-WA0005.jpg 320w, https://unconservatoriode.com/wp-content/uploads/2023/06/IMG-20230224-WA0005-300x300.jpg 300w, https://unconservatoriode.com/wp-content/uploads/2023/06/IMG-20230224-WA0005-150x150.jpg 150w" sizes="auto, (max-width: 320px) 100vw, 320px" /><figcaption class="wp-element-caption"><strong>Gemma de Luis Noriega &#8211; dirección escénica</strong></figcaption></figure>



<figure class="wp-block-image size-large"><img loading="lazy" decoding="async" width="1024" height="689" data-id="433" src="https://unconservatoriode.com/wp-content/uploads/2023/06/IMG-20230225-WA0000-1024x689.jpg" alt="" class="wp-image-433" srcset="https://unconservatoriode.com/wp-content/uploads/2023/06/IMG-20230225-WA0000-1024x689.jpg 1024w, https://unconservatoriode.com/wp-content/uploads/2023/06/IMG-20230225-WA0000-300x202.jpg 300w, https://unconservatoriode.com/wp-content/uploads/2023/06/IMG-20230225-WA0000-768x516.jpg 768w, https://unconservatoriode.com/wp-content/uploads/2023/06/IMG-20230225-WA0000-1536x1033.jpg 1536w, https://unconservatoriode.com/wp-content/uploads/2023/06/IMG-20230225-WA0000.jpg 1600w" sizes="auto, (max-width: 1024px) 100vw, 1024px" /><figcaption class="wp-element-caption"><strong>Paulino Jardón Gurruchaga &#8211; dirección musical</strong></figcaption></figure>



<figure class="wp-block-image size-full"><img loading="lazy" decoding="async" width="564" height="649" data-id="431" src="https://unconservatoriode.com/wp-content/uploads/2023/06/IMG-20230224-WA0004.jpg" alt="" class="wp-image-431" srcset="https://unconservatoriode.com/wp-content/uploads/2023/06/IMG-20230224-WA0004.jpg 564w, https://unconservatoriode.com/wp-content/uploads/2023/06/IMG-20230224-WA0004-261x300.jpg 261w" sizes="auto, (max-width: 564px) 100vw, 564px" /><figcaption class="wp-element-caption"><strong>Belén Barrero Lavandera, Elisa García Gutiérrez y Carmen Viejo Llaneza &#8211; creación de materiales y documentación</strong></figcaption></figure>



<figure class="wp-block-image size-large"><img loading="lazy" decoding="async" width="340" height="462" data-id="430" src="https://unconservatoriode.com/wp-content/uploads/2023/06/IMG-20230223-WA0015.jpg" alt="" class="wp-image-430" srcset="https://unconservatoriode.com/wp-content/uploads/2023/06/IMG-20230223-WA0015.jpg 340w, https://unconservatoriode.com/wp-content/uploads/2023/06/IMG-20230223-WA0015-221x300.jpg 221w" sizes="auto, (max-width: 340px) 100vw, 340px" /><figcaption class="wp-element-caption"><strong>Julia Estévez Salgueiro y Olaya Fernández Herrero &#8211; audiovisuales</strong></figcaption></figure>
</figure>



<p class="wp-block-paragraph"></p>



<p class="wp-block-paragraph">Solo hizo falta una conversación para que aquellas profesoras que observaban impotentes el estado actual de la educación musical en nuestro país, decidieran dar un paso al frente para convertir en realidad aquello que solamente era una ilusión.</p>



<p class="wp-block-paragraph">Por el camino se unieron otros compañeros con idénticos ideales, algunos desengaños en forma de burocracia y el firme convencimiento de que el proyecto podría ser una manera de hacer llegar el sentir de la música a todos, sin importar la procedencia, raza, religión o posición social. Porque la música es sentimiento, es vivencia, es desarrollo personal y social, es inclusión, es paz, es igualdad, es equidad, es convivencia, es bienestar.</p>



<p class="wp-block-paragraph">Y en este camino que seguimos transitando juntos empezamos a crear y dar forma a materiales con los que, a través del juego, se trabajan de forma lúdica y divertida los aspectos más importantes de la educación musical. Pero, además, se promueve el trabajo en equipo, la autonomía y la creatividad, la educación en valores y emocional —siguiendo el modelo DUA (diseño universal de aprendizaje)— y todo ello en el marco de la innovación digital y audiovisual.</p>



<p class="wp-block-paragraph">Soñamos con una infancia feliz y preparada, buscamos los objetivos de desarrollo sostenible de la agenda 2030, y para lograrlo, en esta web os presentamos nuestro trabajo.</p>



<p class="wp-block-paragraph">Este proyecto está integrado por un conjunto de docentes del Conservatorio Superior de Música de Oviedo “Eduardo Martínez Torner” y del Conservatorio Profesional de Música de Oviedo “Anselmo González del Valle”, que trabajan en colaboración con otros centros educativos para lograr objetivos interdisciplinares.</p>



<div class="wp-block-columns is-layout-flex wp-container-core-columns-is-layout-8f761849 wp-block-columns-is-layout-flex"></div>

<p>Solo hizo falta una conversación para que aquellas profesoras que observaban impotentes el estado actual de la educación musical en &hellip; <a href="https://unconservatoriode.com/?page_id=199" class="more-link"><span class="more-button">Seguir leyendo<span class="screen-reader-text">Nosotros</span></span></a></p>
